 the prime factors of b(-5)?
2
Let z = 307 - 110. List the prime factors of z.
197
Let h = -4 - -8. Suppose -5*b + 3*v + 25 = -2*v, h*v = 0. What are the prime factors of b?
5
Suppose -69 = g - 4*g. Suppose -4*c + 3 = g. Let o = 12 - c. List the prime factors of o.
17
List the prime factors of 850/(-20)*(-12)/10.
3, 17
Let i(v) = -v + 12. Let a be i(14). Let o = 37 - 62. What are the prime factors of a/6 - o/3?
2
Let s be 3 - (-3*7)/3. Suppose 2*u - 18 = 4*f, u - 5*u - 3*f = -47. Let d = u + s. List the prime factors of d.
3, 7
Let u(t) = -t**2 + 4*t - 2. Let d(f) = -f**2 + 5*f - 3. Let b(n) = 4*d(n) - 3*u(n). Let k be (-18)/4*(-48)/36. What are the prime factors of b(k)?
2, 3
Suppose 2*q + 4 + 3 = -5*m, q + 2 = -2*m. Suppose c = q*c - 84. List the prime factors of c.
2, 7
Suppose -17 = -h - 5. Let b = 22 - h. List the prime factors of b.
2, 5
Let l(z) be the third derivative of -z**4/24 + 8*z**3/3 + 2*z**2. List the prime factors of l(13).
3
Let d be 1 - 0 - 14*-1. Suppose -5*t = 3*u - 87, u + 3*t = -4*u + 129. Let h = u - d. List the prime factors of h.
3
Let b(h) = 20*h + 12. Let d(j) = -7*j - 4. Let z(k) = 6*b(k) + 17*d(k). Let i be z(-7). List the prime factors of 6 + -2*i/6.
7
List the prime factors of ((-666)/27)/(2/(-3)).
37
Suppose 2 + 0 = -c, -3*c = 3*q - 21. What are the prime factors of 114/q + (-2)/3?
2, 3
Let h(x) = 13*x**2 + x - 1. List the prime factors of h(2).
53
Suppose -4*y - 2 = 10. Let d = 1 - y. List the prime factors of d.
2
Let b be 6/(-1 - 15/(-9)). Suppose -f + b = -3. What are the prime factors of f?
2, 3
Suppose 131 = -x - x - 3*o, -3*x = -o + 202. Let k = -38 - x. List the prime factors of k.
29
Let t = -3 - -8. Suppose -4*f - 72 = -5*d, 3*d - t*f + 21 = 6*d. List the prime factors of d.
2, 3
Suppose 15 = 2*i + 3*i. Suppose -4*m = -a + 4*a - 109, 0 = 5*m + 2*a - 138. Suppose 34 = n + i*n + 5*p, -m = -4*n - 2*p. What are the prime factors of n?
2, 3
Let i = 79 + -12. Let m = 48 - i. Let s = m + 39. What are the prime factors of s?
2, 5
Suppose 2*z - 21 = 5*z. Let u = z - -10. What are the prime factors of u?
3
Let r(p) = 4*p**2 - 8*p - p**2 - 4*p**2 + 8. List the prime factors of r(-8).
2
Let l(g) = -2*g**2 - 52*g - 2. What are the prime factors of l(-22)?
2, 3, 29
Let m(g) = -g**2 - g**3 + 0 + 3*g**2 - 2 + 3*g. Let r be m(3). Let z = 4 - r. What are the prime factors of z?
2, 3
Suppose -4*z = 3*m - 31, -2*z + 5*z = -4*m + 32. Suppose -z*b = -17 - 19. List the prime factors of b.
3
List the prime factors of 2/(-10) + (-153)/(-15).
2, 5
Let x = 6 + -1. Suppose -k + 3*k = 0, -s - 4*k + x = 0. What are the prime factors of s?
5
List the prime factors of (-4 - (-375)/10)*2.
67
Suppose -22*c + 301 = -1591. List the prime factors of c.
2, 43
Let v be ((-1)/(-3))/((-2)/(-6)). Let p(w) = -2*w**3 - w**2 + w. Let f be p(v). Let h = 1 - f. What are the prime factors of h?
3
Suppose 4 = 4*h, -4*u - 4*h + 161 = h. List the prime factors of u/5 + (-1)/(-5).
2
Suppose 0 = -r + 2*r - 50. What are the prime factors of r?
2, 5
Suppose -4*s + 3 + 2 = o, -3*s - 3*o = -15. Let p be s*(0 + (-1 - -2)). Suppose p*b - 24 = -4*b. What are the prime factors of b?
2, 3
Suppose 0 = -2*l - 0*v - 3*v - 23, -5*l = -v + 15. What are the prime factors of 31 - -4*l/16?
2, 3, 5
Let u(b) be the third derivative of b**8/6720 + b**7/5040 + b**5/60 - b**2. Let q(p) be the third derivative of u(p). List the prime factors of q(-2).
2, 5
Let t(q) be the first derivative of q**2/2 + 4*q + 2. Let m be t(4). What are the prime factors of (-6)/4*m/(-6)?
2
What are the prime factors of 1/(-2)*(-244)/1?
2, 61
Suppose -5*f + 7 = -3, -5*q + f + 3 = 0. Let h = q + 2. Suppose 0*n = h*n - 6. List the prime factors of n.
2
Let u be 51*(-7)/((-21)/2). Let o = u + -23. Suppose 6 = k - o. List the prime factors of k.
17
Suppose s - 5 = -3. Suppose -4*u + 20 = -4*f, -s = 4*f + 10. What are the prime factors of u?
2
Let p be 20/(-35) - (-22)/14. Let m(o) = 33*o**3 + 2*o - 1. List the prime factors of m(p).
2, 17
Suppose -2*c = c - 168. Suppose -2*n + 20 = h + c, 0 = 4*n - 3*h + 92. Let i = n + 30. List the prime factors of i.
2, 5
Suppose 11 + 19 = 6*i. What are the prime factors of i?
5
Let z(h) = 0*h + 0 + 5*h + 1 - 3*h. What are the prime factors of z(5)?
11
Suppose 183 = 7*m - 1007. What are the prime factors of m?
2, 5, 17
Let m(t) be the first derivative of t**4/24 + t**2 + 1. Let j(z) be the second derivative of m(z). List the prime factors of j(4).
2
Suppose -c - 5*p = c - 43, 5*c - p - 94 = 0. Suppose -c - 25 = -4*g. What are the prime factors of g?
11
Let m be ((-2)/6*-129)/(-1). List the prime factors of -1*(-4 + m) + -4.
43
Let d(z) = 6*z**2 - 7*z - 1. What are the prime factors of d(-3)?
2, 37
Let g(s) = 7*s - 9. Let d = -4 + 10. What are the prime factors of g(d)?
3, 11
Suppose 6*a - 3*a + p = 5, -6 = 2*a + 3*p. List the prime factors of -18*2/(-9)*a.
2, 3
Let p be (-6)/(-8) + (-4)/(-16). Suppose -t - 2*t = 4*z + 13, t = p. List the prime factors of (-32)/(-5) + z/10.
2, 3
Suppose 5*i + 11 = 1. Let c = i + 4. Suppose b + x - 18 = 0, -6 - 15 = -c*b + 3*x. What are the prime factors of b?
3, 5
Suppose 14 = 5*c + s, 1 + 11 = -4*c + 5*s. Let z(f) = f - c*f + 4*f - 7. What are the prime factors of z(5)?
2
List the prime factors of (-11)/66 + 3/(36/1022).
5, 17
Let m = -76 - -161. List the prime factors of m.
5, 17
Let r = -4 - -44. List the prime factors of r.
2, 5
Suppose 240 = 9*n - 4*n. What are the prime factors of n?
2, 3
Let t = -11 - -5. What are the prime factors of (-13)/(1 - t/(-3))?
13
Let g = 48 + -8. Suppose -5*r = -45 - g. What are the prime factors of r?
17
What are the prime factors of 0*2/(-8) + 320?
2, 5
Suppose 0 = -0*y + y - 4. Suppose -y*w = -23 - 61. What are the prime factors of w?
3, 7
What are the prime factors of (-278)/(-6) + (-2)/6?
2, 23
Suppose -k = 4*k - 10. Suppose 0 = o - k - 1. Suppose 20 = x + o*x. What are the prime factors of x?
5
Let v = -41 + 58. What are the prime factors of v?
17
Let b(q) = 6*q**3 - 2*q**2 + q. Suppose 0*d = d - 1. List the prime factors of b(d).
5
Let h = 9 - -3. List the prime factors of 44*(0 + 3/h).
11
Suppose -5*g + 266 = -0*y - 2*y, -g + 64 = -4*y. Let a = g - 34. What are the prime factors of a?
2, 3
Let s be (-4)/(-6)*-19*6. Let a = -42 - s. Suppose 3*p - 2 - a = 0. List the prime factors of p.
2, 3
Suppose 233 = 3*q + 5*t, -4*q - t + 180 = -125. List the prime factors of q.
2, 19
Let o(x) be the third derivative of -x**4/24 - x**3/3 - x**2. Let a(t) = t**3 - 8*t**2 + 5*t + 9. Let z be a(7). What are the prime factors of o(z)?
3
Suppose 0*o = -o + 8. Let t be 6/o - (-692)/16. Let u = -30 + t. List the prime factors of u.
2, 7
Let b(j) be the third derivative of -j**4/12 + 5*j**3/6 - 8*j**2. List the prime factors of b(-7).
19
What are the prime factors of 27 + (-5 + 4)/(-1)?
2, 7
Let y(a) = -a**3 + 6*a**2 + 6*a + 4. List the prime factors of y(6).
2, 5
Let t be 2*(-1 - (-2)/4). List the prime factors of 0 - (-2 + t + -4).
7
Suppose -2*j + 5*x = -5*j + 35, -2*j + 2*x + 18 = 0. What are the prime factors of j?
2, 5
Suppose 4*h + k - 10 = 6, -4*k = 16. Let l = h + 3. Suppose -28 = -5*d - l. What are the prime factors of d?
2
Let c be (-3)/(-2 + (-31)/(-14)). Let a be (-136)/c - 8/(-28). List the prime factors of (-67)/(-5) + (-4)/a.
13
Suppose -3*n - 10 + 47 = -2*m, -16 = -4*m. Let y = n - 8. What are the prime factors of y?
7
Suppose 0 = 2*p - 4*p + 4. Let x be p/1*-1 - -2. Let c = x - -5. What are the prime factors of c?
5
Let k = 10 + -7. Let f = 54 - 33. Suppose 5*u + 21 = 3*z - z, -4*z = -k*u - f. What are the prime factors of z?
3
Suppose 0 = -4*j + 2*h + 958, j = 4*j + 4*h - 713. List the prime factors of j.
239
Let a = -15 + 18. Suppose 6 = -a*q, q + 22 = 4*t - 4*q. List the prime factors of t.
3
Suppose 4 + 6 = 5*j. What are the prime factors of -2 + (j + -3)*-21?
19
Let z(m) = -m**3 - 7*m**2 - 8*m + 13. What are the prime factors of z(-7)?
3, 23
Suppose 3*l - 31 = u, 3*u + 1 = -2*l + 40. List the prime factors of l.
2, 3
Let j = 189 - 65. List the prime factors of j.
2, 31
Let u = -3 + 4. Let n be 1 + (-2 - u) + -5. List the prime factors of (-234)/(-14) - 2/n.
17
Suppose 4*n - 100 = -20. List the prime factors of n/(-6)*72/(-15).
2
Let q = 48 - 24. List the prime factors of q.
2, 3
Let k